late the highest common factor of 50 and 20.
10
What is the highest common factor of 144 and 3312?
144
What is the greatest common factor of 2601 and 306?
153
Calculate the highest common factor of 3073 and 7.
7
Calculate the greatest common divisor of 15 and 245.
5
Calculate the greatest common divisor of 624 and 128.
16
What is the greatest common factor of 34 and 4?
2
What is the highest common factor of 3213 and 21?
21
Calculate the greatest common factor of 147 and 2401.
49
Calculate the greatest common divisor of 513 and 7011.
171
What is the highest common factor of 1876 and 112?
28
Calculate the greatest common factor of 232 and 16.
8
Calculate the greatest common divisor of 2010 and 20.
10
Calculate the highest common divisor of 31 and 589.
31
What is the highest common divisor of 182 and 112?
14
Calculate the highest common factor of 716 and 16.
4
What is the greatest common factor of 94 and 7943?
47
What is the highest common divisor of 12 and 8400?
12
Calculate the highest common divisor of 24 and 48.
24
Calculate the greatest common factor of 9 and 135.
9
What is the highest common divisor of 75 and 45?
15
What is the greatest common factor of 161 and 207?
23
Calculate the highest common divisor of 83970 and 9.
9
What is the highest common divisor of 42 and 51478?
14
What is the greatest common divisor of 108 and 372?
12
What is the greatest common divisor of 3649 and 89?
89
What is the greatest common divisor of 1890 and 243?
27
What is the greatest common factor of 165 and 4092?
33
Calculate the highest common factor of 74 and 1517.
37
Calculate the greatest common divisor of 2 and 68.
2
What is the highest common divisor of 1079 and 1909?
83
Calculate the greatest common factor of 88 and 32.
8
Calculate the highest common factor of 22201 and 447.
149
What is the highest common factor of 1010 and 160?
10
What is the highest common factor of 98 and 28?
14
Calculate the greatest common factor of 165 and 195.
15
What is the greatest common factor of 218 and 5123?
109
Calculate the greatest common divisor of 51 and 697.
17
Calculate the highest common divisor of 48 and 4704.
48
Calculate the greatest common divisor of 1036 and 296.
148
What is the greatest common divisor of 39 and 1664?
13
What is the highest common divisor of 1680 and 63?
21
What is the highest common factor of 60 and 504?
12
What is the greatest common divisor of 39 and 429?
39
Calculate the greatest common divisor of 60 and 90.
30
What is the highest common divisor of 22892 and 354?
118
What is the greatest common divisor of 944 and 224?
16
Calculate the highest common factor of 53 and 11183.
53
What is the greatest common divisor of 336 and 96?
48
Calculate the highest common divisor of 112 and 28.
28
Calculate the highest common divisor of 1521 and 9.
9
What is the highest common divisor of 40 and 4820?
20
Calculate the greatest common divisor of 352 and 7216.
176
Calculate the greatest common divisor of 15 and 57.
3
What is the highest common divisor of 36 and 132?
12
Calculate the highest common divisor of 440 and 110.
110
What is the highest common factor of 64683 and 9?
9
Calculate the highest common factor of 268 and 1206.
134
Calculate the greatest common factor of 198 and 693.
99
What is the highest common factor of 304 and 1292?
76
Calculate the greatest common divisor of 31 and 3720.
31
Calculate the greatest common factor of 158 and 553.
79
What is the highest common divisor of 6648 and 36?
12
Calculate the greatest common factor of 41 and 451.
41
What is the greatest common factor of 1815 and 15?
15
Calculate the greatest common factor of 688 and 2623.
43
Calculate the highest common factor of 175 and 2525.
25
What is the highest common factor of 30 and 56190?
30
What is the highest common factor of 9579 and 93?
93
What is the highest common divisor of 50 and 5275?
25
Calculate the greatest common factor of 189 and 90.
9
Calculate the greatest common divisor of 159 and 1219.
53
What is the greatest common divisor of 591 and 25019?
197
What is the greatest common factor of 90 and 20?
10
What is the greatest common divisor of 1755 and 234?
117
What is the highest common factor of 15 and 1185?
15
Calculate the greatest common factor of 780 and 52.
52
Calculate the greatest common factor of 66 and 6369.
33
What is the greatest common divisor of 133 and 4284?
7
Calculate the greatest common factor of 276 and 42412.
92
What is the greatest common factor of 869 and 44?
11
What is the greatest common divisor of 280 and 112?
56
What is the highest common factor of 3262 and 28?
14
What is the highest common factor of 96 and 88?
8
Calculate the greatest common divisor of 1040 and 400.
80
What is the greatest common divisor of 7921 and 89?
89
Calculate the highest common divisor of 352 and 1696.
32
What is the highest common divisor of 12 and 21?
3
What is the greatest common divisor of 42 and 2128?
14
What is the greatest common divisor of 120 and 780?
60
Calculate the highest common factor of 2873 and 34.
17
Calculate the greatest common factor of 12000 and 96.
96
Calculate the highest common divisor of 7 and 224.
7
Calculate the greatest common divisor of 954 and 72.
18
Calculate the highest common divisor of 448 and 14.
14
Calculate the greatest common divisor of 726 and 506.
22
What is the greatest common factor of 270 and 432?
54
Calculate the greatest common factor of 33 and 2453.
11
What is the greatest common factor of 60 and 4056?
12
Calculate the greatest common factor of 18 and 642.
6
What is the highest common divisor of 14 and 4102?
14
What is the highest common divisor of 7 and 35?
7
Calculate the highest common factor of 232 and 290.
58
What is the greatest common factor of 565 and 1808?
113
Calculate the highest common divisor of 486 and 2.
2
What is the greatest common divisor of 49 and 637?
49
What is the highest common factor of 768 and 48?
48
What is the greatest common divisor of 720 and 675?
45
Calculate the greatest common factor of 21 and 96.
3
What is the greatest common divisor of 3384 and 144?
72
Calculate the greatest common factor of 84 and 13524.
84
What is the greatest common factor of 16 and 576?
16
What is the greatest common divisor of 320 and 40?
40
Calculate the highest common divisor of 1260 and 198.
18
Calculate the greatest common divisor of 24 and 40.
8
Calculate the highest common factor of 6 and 402.
6
Calculate the greatest common factor of 336 and 861.
21
What is the greatest common divisor of 248 and 7812?
124
What is the highest common factor of 87 and 580?
29
Calculate the highest common divisor of 182 and 126.
14
Calculate the greatest common factor of 1298 and 176.
22
Calculate the greatest common divisor of 422 and 12449.
211
What is the greatest common divisor of 167 and 3841?
167
Calculate the greatest common divisor of 82 and 24600.
82
What is the highest common divisor of 6148 and 53?
53
What is the highest common divisor of 1500 and 12?
12
What is the highest common divisor of 9 and 1449?
9
What is the greatest common divisor of 110 and 935?
55
Calculate the highest common factor of 30 and 1290.
30
What is the highest common divisor of 1972 and 136?
68
Calculate the highest common divisor of 135 and 40.
5
Calculate the greatest common divisor of 220 and 40.
20
Calculate the greatest common divisor of 36 and 4014.
18
What is the greatest common divisor of 135 and 180?
45
What is the highest common divisor of 12792 and 13?
13
Calculate the highest common factor of 1101 and 13946.
367
Calculate the greatest common divisor of 99 and 36.
9
What is the greatest common divisor of 31798 and 26?
26
Calculate the highest common factor of 3 and 2229.
3
Calculate the greatest common factor of 2834 and 26.
26
Calculate the greatest common divisor of 11323 and 507.
169
Calculate the greatest common factor of 504 and 840.
168
Calculate the greatest common factor of 280 and 12.
4
Calculate the greatest common factor of 33 and 891.
33
What is the highest common divisor of 1500 and 270?
30
Calculate the greatest common factor of 28 and 1212.
4
What is the highest common factor of 175 and 805?
35
Calculate the greatest common divisor of 260 and 4030.
130
Calculate the highest common divisor of 20 and 135.
5
What is the g